{"id":179,"date":"2024-07-11T19:18:29","date_gmt":"2024-07-11T19:18:29","guid":{"rendered":"https:\/\/impulsoshiva.com\/index.php\/nosotros\/"},"modified":"2025-03-31T18:35:36","modified_gmt":"2025-03-31T18:35:36","slug":"nosotros","status":"publish","type":"page","link":"https:\/\/impulsoshiva.com\/index.php\/nosotros\/","title":{"rendered":"Nosotros"},"content":{"rendered":"\t\t<div data-elementor-type=\"wp-page\" data-elementor-id=\"179\" class=\"elementor elementor-179\" data-elementor-post-type=\"page\">\n\t\t\t\t\t\t<section class=\"elementor-section elementor-top-section elementor-element elementor-element-5e6ab0b9 elementor-section-boxed elementor-section-height-default elementor-section-height-default\" data-id=\"5e6ab0b9\" data-element_type=\"section\" data-settings=\"{&quot;background_background&quot;:&quot;gradient&quot;}\">\n\t\t\t\t\t\t\t<div class=\"elementor-background-overlay\"><\/div>\n\t\t\t\t\t\t\t<div class=\"elementor-container elementor-column-gap-default\">\n\t\t\t\t\t<div class=\"elementor-column elementor-col-50 elementor-top-column elementor-element elementor-element-252c0101\" data-id=\"252c0101\" data-element_type=\"column\">\n\t\t\t<div class=\"elementor-widget-wrap elementor-element-populated\">\n\t\t\t\t\t\t<div class=\"elementor-element elementor-element-32ce8de6 de_scroll_animation_no elementor-invisible elementor-widget elementor-widget-heading\" data-id=\"32ce8de6\" data-element_type=\"widget\" data-settings=\"{&quot;_animation&quot;:&quot;fadeInUp&quot;}\" data-widget_type=\"heading.default\">\n\t\t\t\t<div class=\"elementor-widget-container\">\n\t\t\t\t\t<h2 class=\"elementor-heading-title elementor-size-default\">Juntos, podemos llevar tu marca al siguiente nivel.<\/h2>\t\t\t\t<\/div>\n\t\t\t\t<\/div>\n\t\t\t\t<div class=\"elementor-element elementor-element-1f83e306 de_scroll_animation_no elementor-widget elementor-widget-text-editor\" data-id=\"1f83e306\" data-element_type=\"widget\" data-widget_type=\"text-editor.default\">\n\t\t\t\t<div class=\"elementor-widget-container\">\n\t\t\t\t\t\t\t\t\t<p>En cada proyecto, nos esforzamos por superar las expectativas, construyendo relaciones s\u00f3lidas basadas en la confianza y el \u00e9xito compartido.\u00a0<\/p>\t\t\t\t\t\t\t\t<\/div>\n\t\t\t\t<\/div>\n\t\t\t\t\t<\/div>\n\t\t<\/div>\n\t\t\t\t<div class=\"elementor-column elementor-col-50 elementor-top-column elementor-element elementor-element-47e0e00b\" data-id=\"47e0e00b\" data-element_type=\"column\">\n\t\t\t<div class=\"elementor-widget-wrap elementor-element-populated\">\n\t\t\t\t\t\t<div class=\"elementor-element elementor-element-5e00b25c de_scroll_animation_no elementor-widget elementor-widget-image\" data-id=\"5e00b25c\" data-element_type=\"widget\" data-widget_type=\"image.default\">\n\t\t\t\t<div class=\"elementor-widget-container\">\n\t\t\t\t\t\t\t\t\t\t\t\t\t\t\t<img fetchpriority=\"high\" decoding=\"async\" width=\"800\" height=\"640\" src=\"https:\/\/impulsoshiva.com\/wp-content\/uploads\/2025\/03\/Nosotros-00a98e5d-1920w-1024x819-1.webp\" class=\"attachment-large size-large wp-image-667\" alt=\"\" srcset=\"https:\/\/impulsoshiva.com\/wp-content\/uploads\/2025\/03\/Nosotros-00a98e5d-1920w-1024x819-1.webp 1024w, https:\/\/impulsoshiva.com\/wp-content\/uploads\/2025\/03\/Nosotros-00a98e5d-1920w-1024x819-1-300x240.webp 300w, https:\/\/impulsoshiva.com\/wp-content\/uploads\/2025\/03\/Nosotros-00a98e5d-1920w-1024x819-1-768x614.webp 768w, https:\/\/impulsoshiva.com\/wp-content\/uploads\/2025\/03\/Nosotros-00a98e5d-1920w-1024x819-1-600x480.webp 600w\" sizes=\"(max-width: 800px) 100vw, 800px\" \/>\t\t\t\t\t\t\t\t\t\t\t\t\t\t\t<\/div>\n\t\t\t\t<\/div>\n\t\t\t\t\t<\/div>\n\t\t<\/div>\n\t\t\t\t\t<\/div>\n\t\t<\/section>\n\t\t\t\t<section class=\"elementor-section elementor-top-section elementor-element elementor-element-3c71b80 elementor-reverse-mobile elementor-reverse-tablet elementor-section-boxed elementor-section-height-default elementor-section-height-default\" data-id=\"3c71b80\" data-element_type=\"section\" data-settings=\"{&quot;background_background&quot;:&quot;classic&quot;}\">\n\t\t\t\t\t\t<div class=\"elementor-container elementor-column-gap-default\">\n\t\t\t\t\t<div class=\"elementor-column elementor-col-50 elementor-top-column elementor-element elementor-element-1751ee72\" data-id=\"1751ee72\" data-element_type=\"column\" data-settings=\"{&quot;background_background&quot;:&quot;classic&quot;}\">\n\t\t\t<div class=\"elementor-widget-wrap elementor-element-populated\">\n\t\t\t\t\t\t<div class=\"elementor-element elementor-element-2d9b1501 de_scroll_animation_no elementor-widget elementor-widget-image\" data-id=\"2d9b1501\" data-element_type=\"widget\" data-widget_type=\"image.default\">\n\t\t\t\t<div class=\"elementor-widget-container\">\n\t\t\t\t\t\t\t\t\t\t\t\t\t\t\t<img decoding=\"async\" width=\"800\" height=\"729\" src=\"https:\/\/impulsoshiva.com\/wp-content\/uploads\/2024\/07\/Nosotros-2-1920w-1024x933.webp\" class=\"attachment-large size-large wp-image-181\" alt=\"\" srcset=\"https:\/\/impulsoshiva.com\/wp-content\/uploads\/2024\/07\/Nosotros-2-1920w-1024x933.webp 1024w, https:\/\/impulsoshiva.com\/wp-content\/uploads\/2024\/07\/Nosotros-2-1920w-300x273.webp 300w, https:\/\/impulsoshiva.com\/wp-content\/uploads\/2024\/07\/Nosotros-2-1920w-768x700.webp 768w, https:\/\/impulsoshiva.com\/wp-content\/uploads\/2024\/07\/Nosotros-2-1920w.webp 1185w\" sizes=\"(max-width: 800px) 100vw, 800px\" \/>\t\t\t\t\t\t\t\t\t\t\t\t\t\t\t<\/div>\n\t\t\t\t<\/div>\n\t\t\t\t\t<\/div>\n\t\t<\/div>\n\t\t\t\t<div class=\"elementor-column elementor-col-50 elementor-top-column elementor-element elementor-element-451210d2\" data-id=\"451210d2\" data-element_type=\"column\">\n\t\t\t<div class=\"elementor-widget-wrap elementor-element-populated\">\n\t\t\t\t\t\t<div class=\"elementor-element elementor-element-5612bee3 de_scroll_animation_no elementor-invisible elementor-widget elementor-widget-heading\" data-id=\"5612bee3\" data-element_type=\"widget\" data-settings=\"{&quot;_animation&quot;:&quot;fadeInUp&quot;,&quot;_animation_delay&quot;:200}\" data-widget_type=\"heading.default\">\n\t\t\t\t<div class=\"elementor-widget-container\">\n\t\t\t\t\t<h2 class=\"elementor-heading-title elementor-size-default\">Nuestra Misi\u00f3n<\/h2>\t\t\t\t<\/div>\n\t\t\t\t<\/div>\n\t\t\t\t<div class=\"elementor-element elementor-element-167de5d4 de_scroll_animation_no elementor-invisible elementor-widget elementor-widget-text-editor\" data-id=\"167de5d4\" data-element_type=\"widget\" data-settings=\"{&quot;_animation&quot;:&quot;fadeInUp&quot;,&quot;_animation_delay&quot;:400}\" data-widget_type=\"text-editor.default\">\n\t\t\t\t<div class=\"elementor-widget-container\">\n\t\t\t\t\t\t\t\t\t<p>Nos apasiona ayudar a las marcas a alcanzar su m\u00e1ximo potencial en el mundo digital. Con un enfoque centrado en los resultados, combinamos nuestra experiencia en estrategia, creatividad y an\u00e1lisis de datos para crear proyectos efectivos y generar un impacto duradero.\u00a0\u00a0<\/p>\t\t\t\t\t\t\t\t<\/div>\n\t\t\t\t<\/div>\n\t\t\t\t<div class=\"elementor-element elementor-element-2e44769 elementor-align-left elementor-tablet-align-justify de_scroll_animation_no elementor-widget elementor-widget-button\" data-id=\"2e44769\" data-element_type=\"widget\" data-widget_type=\"button.default\">\n\t\t\t\t<div class=\"elementor-widget-container\">\n\t\t\t\t\t\t\t\t\t<div class=\"elementor-button-wrapper\">\n\t\t\t\t\t<a class=\"elementor-button elementor-button-link elementor-size-sm elementor-animation-float\" href=\"https:\/\/impulsoshiva.com\/index.php\/contacto\/\">\n\t\t\t\t\t\t<span class=\"elementor-button-content-wrapper\">\n\t\t\t\t\t\t<span class=\"elementor-button-icon\">\n\t\t\t\t<i aria-hidden=\"true\" class=\"icon icon-right-arrow\"><\/i>\t\t\t<\/span>\n\t\t\t\t\t\t\t\t\t<span class=\"elementor-button-text\">Cont\u00e1ctanos<\/span>\n\t\t\t\t\t<\/span>\n\t\t\t\t\t<\/a>\n\t\t\t\t<\/div>\n\t\t\t\t\t\t\t\t<\/div>\n\t\t\t\t<\/div>\n\t\t\t\t\t<\/div>\n\t\t<\/div>\n\t\t\t\t\t<\/div>\n\t\t<\/section>\n\t\t<div class=\"elementor-element elementor-element-53b7b68b e-flex e-con-boxed e-con e-parent\" data-id=\"53b7b68b\" data-element_type=\"container\">\n\t\t\t\t\t<div class=\"e-con-inner\">\n\t\t\t\t<div class=\"elementor-element elementor-element-38643854 de_scroll_animation_no elementor-invisible elementor-widget elementor-widget-heading\" data-id=\"38643854\" data-element_type=\"widget\" data-settings=\"{&quot;_animation&quot;:&quot;fadeInUp&quot;,&quot;_animation_delay&quot;:200}\" data-widget_type=\"heading.default\">\n\t\t\t\t<div class=\"elementor-widget-container\">\n\t\t\t\t\t<h2 class=\"elementor-heading-title elementor-size-default\">Sobre Nosotros<\/h2>\t\t\t\t<\/div>\n\t\t\t\t<\/div>\n\t\t\t\t<div class=\"elementor-element elementor-element-62a309e4 de_scroll_animation_no elementor-invisible elementor-widget elementor-widget-text-editor\" data-id=\"62a309e4\" data-element_type=\"widget\" data-settings=\"{&quot;_animation&quot;:&quot;fadeInUp&quot;,&quot;_animation_delay&quot;:400}\" data-widget_type=\"text-editor.default\">\n\t\t\t\t<div class=\"elementor-widget-container\">\n\t\t\t\t\t\t\t\t\t<p>Nos esforzamos por superar las expectativas, generando un impacto significativo en la visibilidad y el alcance de las marcas. Trabajamos en estrecha colaboraci\u00f3n con nuestros clientes, construyendo relaciones de confianza y obteniendo resultados medibles. Nuestra pasi\u00f3n es ayudar a las marcas a destacarse en un mercado cada vez m\u00e1s competitivo, utilizando estrategias efectivas y manteni\u00e9ndonos a la vanguardia de las \u00faltimas tendencias del marketing digital.<\/p>\t\t\t\t\t\t\t\t<\/div>\n\t\t\t\t<\/div>\n\t\t\t\t\t<\/div>\n\t\t\t\t<\/div>\n\t\t\t\t<\/div>\n\t\t","protected":false},"excerpt":{"rendered":"<p>Juntos, podemos llevar tu marca al siguiente nivel. En cada proyecto, nos esforzamos por superar las expectativas, construyendo relaciones s\u00f3lidas basadas en la confianza y el \u00e9xito compartido.\u00a0 Nuestra Misi\u00f3n Nos apasiona ayudar a las marcas a alcanzar su m\u00e1ximo potencial en el mundo digital. Con un enfoque centrado en los resultados, combinamos nuestra experiencia [&hellip;]<\/p>\n","protected":false},"author":1,"featured_media":0,"parent":0,"menu_order":0,"comment_status":"closed","ping_status":"closed","template":"elementor_header_footer","meta":{"footnotes":""},"class_list":["post-179","page","type-page","status-publish","hentry"],"_links":{"self":[{"href":"https:\/\/impulsoshiva.com\/index.php\/wp-json\/wp\/v2\/pages\/179","targetHints":{"allow":["GET"]}}],"collection":[{"href":"https:\/\/impulsoshiva.com\/index.php\/wp-json\/wp\/v2\/pages"}],"about":[{"href":"https:\/\/impulsoshiva.com\/index.php\/wp-json\/wp\/v2\/types\/page"}],"author":[{"embeddable":true,"href":"https:\/\/impulsoshiva.com\/index.php\/wp-json\/wp\/v2\/users\/1"}],"replies":[{"embeddable":true,"href":"https:\/\/impulsoshiva.com\/index.php\/wp-json\/wp\/v2\/comments?post=179"}],"version-history":[{"count":55,"href":"https:\/\/impulsoshiva.com\/index.php\/wp-json\/wp\/v2\/pages\/179\/revisions"}],"predecessor-version":[{"id":685,"href":"https:\/\/impulsoshiva.com\/index.php\/wp-json\/wp\/v2\/pages\/179\/revisions\/685"}],"wp:attachment":[{"href":"https:\/\/impulsoshiva.com\/index.php\/wp-json\/wp\/v2\/media?parent=179"}],"curies":[{"name":"wp","href":"https:\/\/api.w.org\/{rel}","templated":true}]}}